{"id":102,"date":"2014-04-12T17:04:15","date_gmt":"2014-04-12T17:04:15","guid":{"rendered":"http:\/\/sporty-wp.wp4life.com\/?page_id=102"},"modified":"2021-09-06T18:53:20","modified_gmt":"2021-09-06T16:53:20","slug":"our-club","status":"publish","type":"page","link":"https:\/\/tsvdeinsen.de\/?page_id=102","title":{"rendered":"Vereinschronik des TSV DEINSEN"},"content":{"rendered":"<h2 style=\"text-align: center;\"><strong>\u00a0VEREINSCHRONIK<\/strong><\/h2>\n<h3 style=\"text-align: center;\"><span style=\"text-decoration: underline;\">Das Jahrzehnt &#8211; 2010 bis 2020<\/span><\/h3>\n<ul style=\"text-align: center;\">\n<li>\n<div align=\"center\">2010\/2011 &#8211; Kreisliga Hildesheim mit Trainer Vahid Lihic aud Platz 1 &#8211; Meister und Aufsteiger in die Bezirksliga Hannover<\/div>\n<\/li>\n<li>2011\/2012 &#8211; Bezirksliga 3 Hannover mit Trainer Martin Kahl auf Platz 15 und Absteiger in die Kreisliga Hildesheim<\/li>\n<\/ul>\n<h2 style=\"text-align: center;\"><em><strong>HIGHLIGHT DER VEREINSGESCHICHTE &#8211; 10.05.2012 !!!<\/strong><\/em><\/h2>\n<p style=\"text-align: center;\">TSV Deinsen wird 65 Jahre alt &#8211; 1 : 12 &#8211; Testspiel in Duingen gegen Hannover 96<\/p>\n<ul>\n<li>\n<div style=\"text-align: center;\">2012\/2013 &#8211; Kreisliga Hildesheim mit Trainer Martin Kahl auf Platz 1 &#8211; Kreismeister und Pokalsieger &#8211; Aufsteiger in die Bezirksliga Hannover<\/div>\n<\/li>\n<\/ul>\n<p style=\"text-align: center;\"><a href=\"https:\/\/www.tsvdeinsen.de\/wp-content\/uploads\/2014\/04\/I.-Herren-2012-13-Meister-und-Pokalsieger.jpg\"><img loading=\"lazy\" decoding=\"async\" class=\"alignnone wp-image-757 size-medium\" src=\"https:\/\/tsvdeinsen.de\/wp-content\/uploads\/2014\/04\/I.-Herren-2012-13-Meister-und-Pokalsieger-300x159.jpg\" alt=\"I. Herren 2012-13 Meister und Pokalsieger\" width=\"300\" height=\"159\" srcset=\"https:\/\/tsvdeinsen.de\/wp-content\/uploads\/2014\/04\/I.-Herren-2012-13-Meister-und-Pokalsieger-300x159.jpg 300w, https:\/\/tsvdeinsen.de\/wp-content\/uploads\/2014\/04\/I.-Herren-2012-13-Meister-und-Pokalsieger-600x319.jpg 600w, https:\/\/tsvdeinsen.de\/wp-content\/uploads\/2014\/04\/I.-Herren-2012-13-Meister-und-Pokalsieger.jpg 777w\" sizes=\"auto, (max-width: 300px) 100vw, 300px\" \/><\/a><\/p>\n<p style=\"text-align: center;\">Der Double-Sieger 2012\/13 mit Trainer Martin Kahl &#8211; Kreismeister und Kreispokalsieger !!!<\/p>\n<ul style=\"text-align: center;\">\n<li>\n<div>2013\/2014 &#8211; Bezirksliga 4 Hannover mit Trainer Martin Kahl auf Platz 6<\/div>\n<\/li>\n<\/ul>\n<ul>\n<li>\n<div style=\"text-align: center;\">2014\/2015 &#8211; Bezirksliga 4 Hannover mit Trainern Alexander Schulze,<\/div>\n<div style=\"text-align: center;\">Norbert Fengler und ab 01\/2015 Kai Wagener &#8211; Platz 15 und Absteiger in die Kreisliga Hildesheim<\/div>\n<\/li>\n<li>\u00a0\u00a0\u00a0\u00a0 2015\/2016 &#8211; Kreisliga Hildesheim mit Trainer Norbert Fengler und den Co-Trainern Alexander Schulze und Benjamin Fredrich<\/li>\n<li>2016\/2017 Abstieg in die 1.Kreisklasse<\/li>\n<li>2017\/2018 1.Kreisklasse mit Benjamin Fredrich<\/li>\n<li>2018\/2019 1.Kreisklasse mit Benjamin Fredrich<\/li>\n<li>2019\/2020 Aufstieg in die Kreisliga mit den Trainern Dranzen Ivankovic und Sven Schendel<\/li>\n<\/ul>\n<hr \/>\n<h3 align=\"center\"><span style=\"text-decoration: underline;\">Das\u00a0Jahrzehnt &#8211; 2001 bis 2010 !!!<\/span><\/h3>\n<ul>\n<li style=\"text-align: center;\">2001\/2002 &#8211; Bezirksklasse 3 &#8211; Hannover mit Trainer Norbert Fengler Platz auf 12<\/li>\n<\/ul>\n<ul>\n<li style=\"text-align: center;\">2002\/2003 &#8211; Bezirksklasse 3 &#8211; Hannover mit Trainer Norbert Fengler auf Platz 1 &#8211; Meister und Aufsteiger in die Bezirksliga Hannover<\/li>\n<\/ul>\n<p style=\"text-align: center;\"><a href=\"https:\/\/www.tsvdeinsen.de\/wp-content\/uploads\/2014\/04\/I.-Herren-2002-03.jpg\"><img loading=\"lazy\" decoding=\"async\" class=\"alignnone wp-image-750 size-medium\" src=\"https:\/\/tsvdeinsen.de\/wp-content\/uploads\/2014\/04\/I.-Herren-2002-03-300x121.jpg\" alt=\"I. Herren 2002-03\" width=\"300\" height=\"121\" srcset=\"https:\/\/tsvdeinsen.de\/wp-content\/uploads\/2014\/04\/I.-Herren-2002-03-300x121.jpg 300w, https:\/\/tsvdeinsen.de\/wp-content\/uploads\/2014\/04\/I.-Herren-2002-03-600x243.jpg 600w, https:\/\/tsvdeinsen.de\/wp-content\/uploads\/2014\/04\/I.-Herren-2002-03.jpg 638w\" sizes=\"auto, (max-width: 300px) 100vw, 300px\" \/><\/a><\/p>\n<p style=\"text-align: center;\">Meistermannschaft von\u00a0 2002\/2003:<\/p>\n<p style=\"text-align: center;\">\u00a0Hintere Reihe: Andre Rotermundt, Alexander Timpe, Phillip Keller, Dirk Leja, Sebastain Hasse, Julian B\u00f6hm, Holger Beer, Martin Kreikenbohm<\/p>\n<p align=\"center\">Vordere Reihe: Lars Wedekind, Dirk Falke, Bj\u00f6rn Fengler, Mirko Wendland, Jan Steinberg, Dirk Capek, Dennis Henkel, Andre Kotarra, Michael Beining.<\/p>\n<ul>\n<li>\n<div align=\"center\">\u00a02003\/2004 &#8211; Bezirksliga\u00a02\u00a0Hannover mit Trainer Norbert Fengler auf Platz 12<\/div>\n<\/li>\n<li><\/li>\n<li>\u00a0\u00a0\u00a0\u00a0\u00a0\u00a0\u00a0\u00a0\u00a0\u00a0\u00a0\u00a0\u00a0\u00a0\u00a0\u00a0\u00a0\u00a0\u00a0\u00a0\u00a0\u00a0\u00a0\u00a0\u00a0\u00a0\u00a0\u00a0\u00a0\u00a0\u00a0\u00a0\u00a0\u00a0\u00a0\u00a0\u00a0\u00a0\u00a0\u00a0\u00a0\u00a0\u00a0\u00a0\u00a0\u00a0\u00a0\u00a0\u00a0\u00a0\u00a0\u00a0\u00a0\u00a0\u00a0\u00a0\u00a0\u00a0\u00a0\u00a0\u00a0\u00a0\u00a0\u00a0\u00a0\u00a0\u00a0\u00a0\u00a0\u00a0\u00a0\u00a0\u00a0 2004\/2005 &#8211; Bezirksliga 2 Hannover mit Trainer Martin Kahl auf Platz 8<\/li>\n<\/ul>\n<ul>\n<li>\u00a0\u00a0\u00a0\u00a0\u00a0\u00a0\u00a0\u00a0\u00a0\u00a0\u00a0\u00a0\u00a0\u00a0\u00a0\u00a0\u00a0\u00a0\u00a0\u00a0\u00a0\u00a0\u00a0\u00a0\u00a0\u00a0\u00a0\u00a0\u00a0\u00a0\u00a0\u00a0\u00a0\u00a0\u00a0\u00a0\u00a0\u00a0\u00a0\u00a0\u00a0\u00a0\u00a0\u00a0\u00a0\u00a0\u00a0\u00a0\u00a0\u00a0\u00a0\u00a0\u00a0\u00a0\u00a0\u00a0\u00a0\u00a0\u00a0\u00a0\u00a0\u00a0\u00a0\u00a0\u00a0\u00a0\u00a0\u00a0\u00a0\u00a0\u00a0\u00a0 2005\/2006 &#8211; Bezirksliga 2 Hannover mit Trainer Martin Kahl auf Platz 8<\/li>\n<\/ul>\n<p style=\"text-align: center;\">\u00a0<a href=\"https:\/\/www.tsvdeinsen.de\/wp-content\/uploads\/2014\/04\/I.-Herren-2005-06.jpg\"><img loading=\"lazy\" decoding=\"async\" class=\"alignnone wp-image-769 size-medium\" src=\"https:\/\/tsvdeinsen.de\/wp-content\/uploads\/2014\/04\/I.-Herren-2005-06-300x164.jpg\" alt=\"I. Herren 2005-06\" width=\"300\" height=\"164\" srcset=\"https:\/\/tsvdeinsen.de\/wp-content\/uploads\/2014\/04\/I.-Herren-2005-06-300x164.jpg 300w, https:\/\/tsvdeinsen.de\/wp-content\/uploads\/2014\/04\/I.-Herren-2005-06.jpg 520w\" sizes=\"auto, (max-width: 300px) 100vw, 300px\" \/><\/a><\/p>\n<p style=\"text-align: center;\">Das Team in der Spielzeit 2005\/2006 belegt am Ende Rang 8 unter Trainer Martin Kahl !!!<\/p>\n<ul style=\"text-align: center;\">\n<li>2006\/2007 &#8211; Bezirksliga 3 mit Spielertrainer Bj\u00f6rn Fengler auf Platz 10<\/li>\n<\/ul>\n<ul style=\"text-align: center;\">\n<li>2007\/2008 &#8211; Bezirksliga 3 mit Spielertrainer Bj\u00f6rn Fengler auf Platz 11<\/li>\n<\/ul>\n<ul>\n<li>\n<div style=\"text-align: center;\">2007\/2008 &#8211; II. Herren steigt erstmals in der\u00a0Vereinsgeschichte mit Spielertrainer Lars Wedekind in die 1. Kreisklasse auf<\/div>\n<\/li>\n<\/ul>\n<p><a href=\"https:\/\/www.tsvdeinsen.de\/wp-content\/uploads\/2014\/04\/II.-Herren-Aufstieg-2007-08.jpg\"><img loading=\"lazy\" decoding=\"async\" class=\"aligncenter\" src=\"https:\/\/tsvdeinsen.de\/wp-content\/uploads\/2014\/04\/II.-Herren-Aufstieg-2007-08-300x225.jpg\" alt=\"II. Herren - Aufstieg 2007-08\" width=\"300\" height=\"225\" \/><\/a><\/p>\n<p style=\"text-align: center;\">Jubelfeier in Deinsen &#8211; am 22.06.2008 steigt die II. Herren in die 1. Kreisklasse Hildesheim auf !!!<\/p>\n<ul style=\"text-align: center;\">\n<li>2008\/2009 &#8211; Bezirksliga 3 mit Trainer Stefan Gluba auf Platz 7<\/li>\n<\/ul>\n<ul>\n<li style=\"text-align: center;\">2009\/2010 &#8211; Bezirksliga 3 mit Trainer Stefan Gluba und Norbert Fengler auf Platz 15 &#8211; Abstieg in die Kreisliga Hildesheim<\/li>\n<\/ul>\n<hr \/>\n<h3 align=\"center\"><span style=\"text-decoration: underline;\">Die 90\u00b4er Jahre &#8211; ein erfolgreiches Jahrzehnt beim TSV Deinsen \u00a0!!!<\/span><\/h3>\n<p align=\"center\">&#8220;Das Double&#8221;\u00a0 1994 !!!<\/p>\n<p align=\"center\">TSV-Damen: 1994 Meister in der Damen-Kreisklasse<\/p>\n<p>\u00a0<a href=\"https:\/\/tsvdeinsen.de\/wp-content\/uploads\/2014\/04\/fotalt8.jpg\"><img loading=\"lazy\" decoding=\"async\" class=\"aligncenter\" src=\"https:\/\/tsvdeinsen.de\/wp-content\/uploads\/2014\/04\/fotalt8-300x140.jpg\" alt=\"fotalt8\" width=\"300\" height=\"140\" \/><\/a><\/p>\n<blockquote>\n<p align=\"center\">Das bis dahin erfolgreichste Jahr in seiner Geschichte ist f\u00fcr den TSV Deinsen das Jahr 1994. Einzigartig in der Geschichte des NFV-Kreises Hildesheim konnte ein Verein in einem Jahr die Kreismeisterschaft bei den Damen und den Herren erzielen. Die Damenmannschaft erreichte bei einem Punktverh\u00e4ltnis von 37:3 und 104:13 Toren die Meisterschaft und den Aufstieg in die Bezirksklasse.<\/p>\n<p align=\"center\">Die 1. Herrenmannschaft konnte ebenfalls mit 55:9 Punkten und 138:58 Toren die Meisterschaft und den Aufstieg in den Bezirk erreichen. Die erfolgreichsten Torsch\u00fctzen des Meisterteams waren Carsten Marahrens (29 Tore), Thomas Meyer (20 Tore), Torsten Bartsch und Bj\u00f6rn Fengler (je 15 Tore). Au\u00dferdem konnte die 2. Herrenmannschaft einen ausgezeichneten 3. Platz (32:16 Punkte\/64:37 Tore) in ihrer Klasse erreichen.<\/p>\n<\/blockquote>\n<p align=\"center\"><a href=\"https:\/\/tsvdeinsen.de\/wp-content\/uploads\/2014\/04\/fotalt9.jpg\"><img loading=\"lazy\" decoding=\"async\" src=\"https:\/\/tsvdeinsen.de\/wp-content\/uploads\/2014\/04\/fotalt9-300x151.jpg\" alt=\"fotalt9\" width=\"300\" height=\"151\" \/><\/a><\/p>\n<p align=\"center\">TSV-1.Herren: 1994 Meister in der Kreisliga<\/p>\n<hr \/>\n<h3 align=\"center\"><span style=\"text-decoration: underline;\">Chronik f\u00fcr den Zeitraum 1970 &#8211; 1993<\/span><\/h3>\n<div align=\"center\">\n<table border=\"0\" width=\"100%\">\n<tbody>\n<tr>\n<td align=\"center\" height=\"28\">1971<\/td>\n<td align=\"center\" height=\"28\">Der TSV beim Amtsgericht in Elze als e.V. eingetragen.<\/td>\n<\/tr>\n<tr>\n<td align=\"center\" height=\"32\">1972<\/td>\n<td align=\"center\" height=\"32\">Das Sportheim wird eingeweiht.<\/td>\n<\/tr>\n<tr>\n<td align=\"center\" height=\"15\">1976<\/td>\n<td align=\"center\" height=\"15\">Aufstieg der 1. Herrenmannschaft in die 1. Kreisklasse.<\/td>\n<\/tr>\n<tr>\n<td align=\"center\" height=\"2\">1976<\/td>\n<td align=\"center\" height=\"2\">Norbert Fengler \u00fcbernimmt das Training der Herrenmannschaften.<\/td>\n<\/tr>\n<tr>\n<td align=\"center\" height=\"2\">1977<\/td>\n<td align=\"center\" height=\"2\">Der Beschlu\u00df eine Damenmannschaft ins Leben zu rufen wurde gefa\u00dft.<\/td>\n<\/tr>\n<\/tbody>\n<\/table>\n<\/div>\n<p align=\"center\">Die erste Damenmannschaft des TSV Deinsen<\/p>\n<p align=\"center\"><a href=\"https:\/\/tsvdeinsen.de\/wp-content\/uploads\/2014\/04\/fotalt6.jpg\"><img loading=\"lazy\" decoding=\"async\" src=\"https:\/\/tsvdeinsen.de\/wp-content\/uploads\/2014\/04\/fotalt6-300x207.jpg\" alt=\"fotalt6\" width=\"300\" height=\"207\" \/><\/a><\/p>\n<p align=\"center\">Gewinn des Samtgemeindepokal-Turniers 1981<\/p>\n<p align=\"center\"><a href=\"https:\/\/tsvdeinsen.de\/wp-content\/uploads\/2014\/04\/fotalt7.jpg\"><img loading=\"lazy\" decoding=\"async\" src=\"https:\/\/tsvdeinsen.de\/wp-content\/uploads\/2014\/04\/fotalt7-300x189.jpg\" alt=\"fotalt7\" width=\"300\" height=\"189\" \/><\/a><\/p>\n<div align=\"center\">\n<table border=\"0\" width=\"100%\">\n<tbody>\n<tr>\n<td align=\"center\">1985\/86<\/td>\n<td align=\"center\">\u00a0In der Saison 1985\/86 steigt der TSV durch ein Entscheidungsspiel gegen Sorsum in die Kreisliga auf.<\/td>\n<\/tr>\n<tr>\n<td align=\"center\">1993<\/td>\n<td align=\"center\">Eine 2. Herrenmannschaft und eine Jugendmannschaft wird neu gemeldet.<\/td>\n<\/tr>\n<\/tbody>\n<\/table>\n<\/div>\n","protected":false},"excerpt":{"rendered":"<p>\u00a0VEREINSCHRONIK Das Jahrzehnt &#8211; 2010 bis 2020 2010\/2011 &#8211; Kreisliga Hildesheim mit Trainer Vahid Lihic aud Platz 1 &#8211; Meister und Aufsteiger in die Bezirksliga Hannover 2011\/2012 &#8211; Bezirksliga 3 Hannover mit Trainer Martin Kahl auf Platz 15 und Absteiger in die Kreisliga Hildesheim HIGHLIGHT DER VEREINSGESCHICHTE &#8211; 10.05.2012 !!! TSV Deinsen wird 65 Jahre<\/p>\n<p><a class=\"read-more\" href=\"https:\/\/tsvdeinsen.de\/?page_id=102\"> Read More&#8230;<\/a><\/p>\n","protected":false},"author":1,"featured_media":1880,"parent":0,"menu_order":0,"comment_status":"closed","ping_status":"closed","template":"about.php","meta":{"footnotes":""},"class_list":["post-102","page","type-page","status-publish","has-post-thumbnail","hentry"],"_links":{"self":[{"href":"https:\/\/tsvdeinsen.de\/index.php?rest_route=\/wp\/v2\/pages\/102","targetHints":{"allow":["GET"]}}],"collection":[{"href":"https:\/\/tsvdeinsen.de\/index.php?rest_route=\/wp\/v2\/pages"}],"about":[{"href":"https:\/\/tsvdeinsen.de\/index.php?rest_route=\/wp\/v2\/types\/page"}],"author":[{"embeddable":true,"href":"https:\/\/tsvdeinsen.de\/index.php?rest_route=\/wp\/v2\/users\/1"}],"replies":[{"embeddable":true,"href":"https:\/\/tsvdeinsen.de\/index.php?rest_route=%2Fwp%2Fv2%2Fcomments&post=102"}],"version-history":[{"count":29,"href":"https:\/\/tsvdeinsen.de\/index.php?rest_route=\/wp\/v2\/pages\/102\/revisions"}],"predecessor-version":[{"id":8590,"href":"https:\/\/tsvdeinsen.de\/index.php?rest_route=\/wp\/v2\/pages\/102\/revisions\/8590"}],"wp:featuredmedia":[{"embeddable":true,"href":"https:\/\/tsvdeinsen.de\/index.php?rest_route=\/wp\/v2\/media\/1880"}],"wp:attachment":[{"href":"https:\/\/tsvdeinsen.de\/index.php?rest_route=%2Fwp%2Fv2%2Fmedia&parent=102"}],"curies":[{"name":"wp","href":"https:\/\/api.w.org\/{rel}","templated":true}]}}