{"id":9437,"date":"2023-08-23T20:34:07","date_gmt":"2023-08-23T18:34:07","guid":{"rendered":"https:\/\/tsvdeinsen.de\/?page_id=9437"},"modified":"2023-08-23T20:46:15","modified_gmt":"2023-08-23T18:46:15","slug":"kader","status":"publish","type":"page","link":"https:\/\/tsvdeinsen.de\/?page_id=9437","title":{"rendered":"Kader"},"content":{"rendered":"\n<figure class=\"wp-block-image size-large\"><img loading=\"lazy\" decoding=\"async\" width=\"1024\" height=\"768\" src=\"https:\/\/tsvdeinsen.de\/wp-content\/uploads\/2023\/08\/IMG_5149-1024x768.jpeg\" alt=\"\" class=\"wp-image-9440\" srcset=\"https:\/\/tsvdeinsen.de\/wp-content\/uploads\/2023\/08\/IMG_5149-1024x768.jpeg 1024w, https:\/\/tsvdeinsen.de\/wp-content\/uploads\/2023\/08\/IMG_5149-300x225.jpeg 300w, https:\/\/tsvdeinsen.de\/wp-content\/uploads\/2023\/08\/IMG_5149-1536x1152.jpeg 1536w, https:\/\/tsvdeinsen.de\/wp-content\/uploads\/2023\/08\/IMG_5149-2048x1536.jpeg 2048w, https:\/\/tsvdeinsen.de\/wp-content\/uploads\/2023\/08\/IMG_5149-128x96.jpeg 128w, https:\/\/tsvdeinsen.de\/wp-content\/uploads\/2023\/08\/IMG_5149-32x24.jpeg 32w\" sizes=\"auto, (max-width: 1024px) 100vw, 1024px\" \/><figcaption class=\"wp-element-caption\">Obere Reihe v.l.: Vitalij Poljakov, Till Rissau, Drelon Ahmetaj, Manuel Beining, Mesut Binici, Luca K\u00f6rber, Finn Opitz, Jan Gr\u00fcttner, Justin Kandemir, Christoph Heine, Mensur Isufi<br><br>Untere Reihe v.l.: Jannik Rissau, Elbisjon Ahmetaj, Hadi Biso, Sadun Cholo Hassan, Daniel Schulz, Pascal Scholz, Mehmet Duygu, Deniz Y\u00fcksel, Martin Gusek<br><br>Auf dem Foto fehlen: Vincenzo Guida, Vitali Sch\u00e4fer, Sercan Z\u00fcmr\u00fct, Dennis Przyklenk und Markus Peter-Barbknecht<\/figcaption><\/figure>\n\n\n\n<p><\/p>\n","protected":false},"excerpt":{"rendered":"","protected":false},"author":5,"featured_media":0,"parent":0,"menu_order":0,"comment_status":"closed","ping_status":"closed","template":"","meta":{"footnotes":""},"class_list":["post-9437","page","type-page","status-publish","hentry"],"_links":{"self":[{"href":"https:\/\/tsvdeinsen.de\/index.php?rest_route=\/wp\/v2\/pages\/9437","targetHints":{"allow":["GET"]}}],"collection":[{"href":"https:\/\/tsvdeinsen.de\/index.php?rest_route=\/wp\/v2\/pages"}],"about":[{"href":"https:\/\/tsvdeinsen.de\/index.php?rest_route=\/wp\/v2\/types\/page"}],"author":[{"embeddable":true,"href":"https:\/\/tsvdeinsen.de\/index.php?rest_route=\/wp\/v2\/users\/5"}],"replies":[{"embeddable":true,"href":"https:\/\/tsvdeinsen.de\/index.php?rest_route=%2Fwp%2Fv2%2Fcomments&post=9437"}],"version-history":[{"count":3,"href":"https:\/\/tsvdeinsen.de\/index.php?rest_route=\/wp\/v2\/pages\/9437\/revisions"}],"predecessor-version":[{"id":9443,"href":"https:\/\/tsvdeinsen.de\/index.php?rest_route=\/wp\/v2\/pages\/9437\/revisions\/9443"}],"wp:attachment":[{"href":"https:\/\/tsvdeinsen.de\/index.php?rest_route=%2Fwp%2Fv2%2Fmedia&parent=9437"}],"curies":[{"name":"wp","href":"https:\/\/api.w.org\/{rel}","templated":true}]}}